 p(-4). Calculate the greatest common factor of 21 and r.
7
Let t = -1 - -3. Let a be ((-2)/(-6))/(t/30). Let v = 86 + -41. Calculate the greatest common divisor of a and v.
5
Suppose r - 4*q = 156, -3*r + 317 = -5*q - 158. Let v = -7 - -8. Suppose -5*d + 2*m = -102, -3*m - v = -2*m. Calculate the greatest common divisor of r and d.
20
Suppose 4*g - 70 = -g. What is the greatest common divisor of 35 and g?
7
Let x(u) = u**2 + 12*u + 8. Let f = -22 + 10. Let l be x(f). Let w be -1*(-5 - (-1 + 0)). What is the greatest common divisor of w and l?
4
Let s(d) = -3*d - 7. Let q be s(-4). Suppose -b + 2*b = 0. Suppose b = m - 15. What is the greatest common divisor of m and q?
5
Let i(a) = a**2 + 2*a + 44. Let k be i(0). What is the highest common factor of k and 4?
4
Suppose 5*x = -0*x - 5*i + 10, x + 3*i + 2 = 0. Calculate the highest common factor of x and 40.
4
Let w(v) = v**2 - 9*v + 5. Let b be w(9). Calculate the greatest common divisor of 35 and b.
5
Suppose -3*t = 4*r - 184, 5*t - 2*r - 160 = 2*t. Calculate the highest common factor of t and 8.
8
Let r = 150 + -59. What is the highest common factor of 13 and r?
13
Let y(k) = 75*k**3 + 2*k - 1. Let p be y(1). Let i be 2/9 - (-1167)/(-27). Let b = i + p. Calculate the greatest common factor of b and 11.
11
Let y(d) = 6*d + 18. Let u be y(3). Let s be 2/(-4) + 57/6. Calculate the greatest common divisor of s and u.
9
Let g be 424 + 1*(4 - 2). Let p = g - 204. Suppose h - 5*h = 3*x - p, 0 = -3*x + 5*h + 195. Calculate the highest common divisor of 28 and x.
14
Let b be 0/(-1) + (8 - 0/3). Suppose 7 - 907 = -5*z. Suppose -260 = -5*h + z. Calculate the greatest common factor of b and h.
8
Let a be (3/(-5))/((-3)/45). Let y be -4*(a/(-12) + 0). Calculate the highest common divisor of y and 12.
3
Suppose -5*c = -4*z - 8, 2*c = 2*z + 3*c + 4. Let m be 60 - (-1 + 1)/z. Let d be -4 + 0 + (81 - 65). What is the greatest common factor of d and m?
12
Let q be (-1)/(-3) + 59/3. Suppose -2*v + 6 = -q. What is the highest common factor of v and 143?
13
Let b be ((-1)/3)/((-11)/99). Suppose 0 = b*r - 75 - 189. Calculate the greatest common factor of 11 and r.
11
Let f(p) = -p**3 + 16*p**2. Let o be f(16). Suppose o = 4*a - a - 75. Calculate the greatest common factor of 50 and a.
25
Let j be (1 - -17)*1/3. What is the highest common factor of j and 6?
6
Let f = -42 + 138. What is the highest common factor of f and 12?
12
Let g be -3*(-3)/((-18)/(-10)). Let p be (5*-24)/((-6)/4). Suppose -f = -5*f + p. What is the greatest common factor of f and g?
5
Suppose -18 = -j - 5*c + 23, -215 = -4*j - 3*c. Suppose 59 = 4*v + 7. Suppose -4*u + 41 = v. Calculate the greatest common factor of u and j.
7
Let l be 1 + -1 + -3 + 8. Suppose l*b - 24 = 3*b. What is the highest common divisor of 12 and b?
12
Let l = -6 - -52. Calculate the greatest common factor of l and 115.
23
Let t be (0 - 2) + -4 + (-50)/(-1). Let g(i) = -13*i + 1. Let b be g(-5). What is the greatest common divisor of b and t?
22
Let p = -15 - -27. What is the greatest common divisor of 24 and p?
12
Suppose 470 = 9*j - 898. What is the greatest common factor of j and 19?
19
Suppose -5*u = 1 + 4. Let a be ((-4)/(-10))/(u/(-15)). Let b(d) = d**2 + 5*d + 9. Let s be b(-5). What is the greatest common factor of a and s?
3
Suppose 3*u - 4 = 11. Let o = 27 + u. Suppose -3*q + 5*t = 3, q + 31 = 5*q + 5*t. What is the greatest common divisor of o and q?
4
Let z(d) = 2*d - 4. Let m = -8 + 19. Let r be z(m). Calculate the greatest common divisor of r and 27.
9
Let h = 43 - 18. Calculate the highest common divisor of h and 50.
25
Let f = 55 + -41. Calculate the greatest common divisor of f and 14.
14
Suppose -3*q + 63 = 18. What is the highest common divisor of q and 5?
5
Let p = 27 - 23. Calculate the highest common factor of 10 and p.
2
Suppose -24*m + 48 = -21*m. Suppose -5*f + 4*t = 2, -4*t = -4*f - 0 - 4. Suppose 3 = x + l - 17, 5*l + 68 = f*x. Calculate the highest common factor of x and m.
8
Suppose -5*o - 5*f + 5 = 0, 0 = 4*o - 4*f - 32 - 12. Calculate the greatest common divisor of o and 42.
6
Let h(k) = -k**3 + k + 1. Let u(n) = -3*n**3 - 12*n**2 + 16*n - 11. Let i(a) = 4*h(a) - u(a). Let q be i(11). What is the greatest common factor of q and 32?
4
Suppose -4*l + 29 + 7 = 0. Calculate the highest common divisor of 9 and l.
9
Suppose -12 = -3*o - y, 3*o - 8 = -3*y + 10. Let a = 5 - o. What is the highest common factor of a and 14?
2
Suppose 0 = 3*i - 3, 4*k - 143 = -i + 654. Suppose 2*q = 2 + 4. Suppose k = q*h + 37. Calculate the highest common divisor of 6 and h.
6
Let p(f) = -10*f - 77. Let d be p(-9). Calculate the highest common divisor of 117 and d.
13
Suppose 0 = 4*t - 5*t + 60. Suppose -5 = w + 5*c - 15, -4*w + 5*c = t. Let a = 22 + w. Calculate the highest common divisor of 3 and a.
3
Let h = -23 + 33. Let o = -220 - -245. What is the greatest common divisor of h and o?
5
Let n be (-6)/(-21) - 178/(-14). What is the highest common factor of n and 26?
13
Let y = -70 - -75. Calculate the highest common factor of y and 45.
5
Suppose -m = -5*t + 2*m, -5*t - 5*m - 40 = 0. Let o be 12/2*(-1)/t. Suppose 5*n - o = 4*p, p - 5*n + 2 = -3*n. What is the greatest common divisor of 2 and p?
2
Suppose 5*d - 34 = 71. Let n be (-6)/27*-6*3. Suppose n*g - 11 = d. What is the greatest common factor of 40 and g?
8
Let j(x) = -x**2 + 2*x + 1. Let i be j(3). Let o be (-60)/(-16)*(i - 2). Let d be 18/o*(-2 - 8). What is the greatest common divisor of d and 18?
6
Suppose -116 = -2*l + 5*w + 59, 0 = -2*l - 5*w + 125. What is the greatest common divisor of 30 and l?
15
Let d = 59 - 43. What is the greatest common divisor of 40 and d?
8
Suppose 5*t - 105 = -0. Let b = t - 11. What is the greatest common divisor of b and 80?
10
Suppose 128*s - 135*s = -77. Suppose -4*k = 4, -2*k = -4*g + 170 + 184. What is the greatest common factor of g and s?
11
Suppose -d = -4*g + 3*d + 108, -4*g + 3*d + 105 = 0. Let z be (-6)/(-84)*32*7. What is the highest common factor of z and g?
8
Let a(k) = 4*k**3 - k**2 - 7*k + 8. Let x be a(4). Calculate the greatest common divisor of 20 and x.
20
Let n = -28 + 60. Calculate the greatest common factor of 64 and n.
32
Suppose 4*a - 46 = -3*j, -a - 6 = -2*a + 2*j. Let u(y) = -2*y + 65. Let n be u(20). What is the greatest common divisor of a and n?
5
Let r(h) = -7*h + 14. Let w be r(-7). Calculate the greatest common divisor of w and 42.
21
Suppose -4*b + 135 = 51. Calculate the greatest common factor of 3 and b.
3
Let t be 3*(28/6 + -1). Let i = t + -1. Calculate the greatest common factor of i and 2.
2
Let z(h) = -3*h. Let y be z(-1). Let o = 4 - y. Let p be o - -1 - (5 - 51). What is the highest common divisor of p and 6?
6
Suppose 5*j = 5*k + 125, 5*j - 98 = -0*k - 4*k. Let d = 27 + -16. What is the greatest common divisor of j and d?
11
Suppose -4*d + 2 + 18 = 0. Suppose 4*y = -d*k + 826 + 54, 880 = 5*k - 3*y. What is the greatest common divisor of k and 16?
16
Let h(b) = b**3 - 6. Let k be h(3). Calculate the highest common divisor of k and 168.
21
Let m = 133 + -125. Let c be -2 - 116/(-1 + -1). Calculate the highest common factor of c and m.
8
Let m = 256 + -249. Suppose 10 = 4*j + 2*c, 4*c - 14 = -5*j + c. Calculate the greatest common factor of m and j.
1
Suppose 2*d = -2*s + 28, 2*d + d = -2*s + 28. What is the greatest common divisor of 7 and s?
7
Suppose 0 = 11*c - 8*c - 12. Calculate the highest common divisor of c and 4.
4
Let d = 245 + -170. What is the highest common factor of d and 30?
15
Suppose 0 = -2*v + 12 + 32. What is the greatest common divisor of 11 and v?
11
Let i = 54 - 40. Calculate the greatest common divisor of 7 and i.
7
Let x be (-1)/(((-22)/200)/11). Calculate the highest common divisor of x and 25.
25
Suppose 4*q - 432 = -0*q. Suppose 4*g + 0*w - 940 = -2*w, -g = 4*w - 228. Let z be (-3)/(-15) + g/20. Calculate the greatest common factor of q and z.
12
Let j = 7 + 11. Calculate the highest common divisor of 3 and j.
3
Let z be (2*1/(-4))/(13/(-1820)). Calculate the highest common factor of 10 and z.
10
Let l = -9 + 16. Calculate the greatest common factor of l and 1.
1
Let g be (-2)/(((-2)/2)/2). Suppose c = -g + 7. Suppose -c*q + 1 = s, -3*s + q + 51 = -2*q. What is the greatest common factor of 143 and s?
13